{"id":3569,"date":"2022-02-04T20:13:49","date_gmt":"2022-02-04T18:13:49","guid":{"rendered":"http:\/\/filosofieromaneasca.institutuldefilosofie.ro\/sifr\/?page_id=3569"},"modified":"2022-03-16T20:42:11","modified_gmt":"2022-03-16T18:42:11","slug":"pentru-autori","status":"publish","type":"page","link":"https:\/\/filosofieromaneasca.institutuldefilosofie.ro\/sifr\/pentru-autori\/","title":{"rendered":"Pentru autori"},"content":{"rendered":"\n<h2 class=\"wp-block-heading\" id=\"informa\u021bii-pentru-autori\">Informa\u021bii pentru autori<\/h2>\n\n\n\n<div style=\"height:20px\" aria-hidden=\"true\" class=\"wp-block-spacer\"><\/div>\n\n\n\n<p><i class=\"fas fa-check\"><\/i><strong> Studii de istorie a filosofiei rom\u00e2ne\u0219ti <\/strong>nu percepe de la autori taxe sau comisioane pentru procesarea, evaluarea \u0219i publicarea materialelor.<\/p>\n\n\n\n<div style=\"height:20px\" aria-hidden=\"true\" class=\"wp-block-spacer\"><\/div>\n\n\n\n<h5 class=\"has-ast-global-color-4-background-color has-background wp-block-heading\" id=\"condi\u021bii-preliminare\">Condi\u021bii preliminare<\/h5>\n\n\n\n<p><strong>Studii de istorie a filosofiei rom\u00e2ne\u0219ti <\/strong>public\u0103 studii originale \u0219i inedite. \u00cen condi\u021biile \u00een care articolul con\u021bine pasaje, tabele sau alt tip de con\u021binut publicat anterior sub numele autorului, sursa va fi men\u021bionat\u0103 de fiecare dat\u0103. Prin ac\u021biunea de propunere a materialului \u00een vederea public\u0103rii, autorul declar\u0103 implicit c\u0103 textul \u00eei apar\u021bine integral, c\u0103 nu a fost publicat anterior \u0219i c\u0103 nu a propus \/ nu va propune articolul unei alte publica\u021bii p\u00e2n\u0103 la \u00eencheierea <a href=\"https:\/\/filosofieromaneasca.institutuldefilosofie.ro\/sifr\/evaluarea-articolelor\/\">procesului de evaluare<\/a>.<\/p>\n\n\n\n<div style=\"height:20px\" aria-hidden=\"true\" class=\"wp-block-spacer\"><\/div>\n\n\n\n<h5 class=\"has-ast-global-color-4-background-color has-background wp-block-heading\" id=\"forma-si-structura-textului\">Forma \u0219i structura textului<\/h5>\n\n\n\n<p>Materialul va fi redactat \u00een Microsoft Word, cu extensia .doc sau .docx. O copie \u00een format PDF a textului propus este de asemenea necesar\u0103 dac\u0103 acesta con\u021bine elemente grafice.<\/p>\n\n\n\n<p>Structura textului este urm\u0103toarea:<\/p>\n\n\n\n<ul class=\"wp-block-list\"><li>Titlul lucr\u0103rii;<\/li><li>Numele autorului;<\/li><li>Apartenen\u021ba institu\u021bional\u0103 a autorului. Dac\u0103 autorul este student\/masterand\/doctorand al institu\u021biei declarate, acest lucru va fi specificat;<\/li><li>Titlul lucr\u0103rii \u00een limba englez\u0103;<\/li><li>Abstract \u00een limba englez\u0103 (maximum 200 de cuvinte);<\/li><li>Cuvinte-cheie \u00een limba englez\u0103;<\/li><li>Textul propriu-zis (introducere, discu\u021bie, concluzii);<\/li><li>Referin\u021be bibliografice.<\/li><\/ul>\n\n\n\n<p><strong>Notele<\/strong> vor fi inserate \u00een mod automat \u00een subsolul paginii.<\/p>\n\n\n\n<p>Materialele trimise pe adresa noastr\u0103 \u00een vederea public\u0103rii vor respecta regulile formale ale publica\u021biei \u0219i stilul de citare:<\/p>\n\n\n\n<div class=\"wp-block-file\"><a id=\"wp-block-file--media-f315b239-ab87-46d8-9494-140c9323c362\" href=\"https:\/\/filosofieromaneasca.institutuldefilosofie.ro\/sifr\/wp-content\/uploads\/SIFR-stil-de-citare.pdf\" target=\"_blank\" rel=\"noreferrer noopener\">Setul de instruc\u021biuni formale \u0219i stilul de citare<\/a><\/div>\n\n\n\n<div style=\"height:20px\" aria-hidden=\"true\" class=\"wp-block-spacer\"><\/div>\n\n\n\n<h5 class=\"has-ast-global-color-4-background-color has-background wp-block-heading\" id=\"la-prima-publicare\">La prima publicare<\/h5>\n\n\n\n<p>Autorul care trimite pentru prima dat\u0103 un text spre publicare \u00een <strong>Studii de istorie a filosofiei rom\u00e2ne\u0219ti<\/strong> este rugat s\u0103 includ\u0103 \u00een mesaj o foarte scurt\u0103 prezentare \u0219i maximum 5 titluri relevante pentru activitatea sa \u00een domeniu.<\/p>\n\n\n\n<div style=\"height:20px\" aria-hidden=\"true\" class=\"wp-block-spacer\"><\/div>\n\n\n\n<h5 class=\"has-ast-global-color-4-background-color has-background wp-block-heading\" id=\"evaluarea-materialelor\">Evaluarea materialelor<\/h5>\n\n\n\n<p>Dup\u0103 evaluarea editorial\u0103 preliminar\u0103, articolele sunt evaluate de un coordonator \u0219tiin\u021bific \u0219i de un referent extern specialist \u00een domeniu. Procesul de <em>peer review <\/em>are drept unic scop cre\u0219terea calit\u0103\u021bii articolelor acceptate spre publicare. Vezi <a href=\"https:\/\/filosofieromaneasca.institutuldefilosofie.ro\/sifr\/evaluarea-articolelor\/\">modul \u00een care se evalueaz\u0103 materialele<\/a>.<\/p>\n\n\n\n<div style=\"height:20px\" aria-hidden=\"true\" class=\"wp-block-spacer\"><\/div>\n\n\n\n<h5 class=\"has-ast-global-color-4-background-color has-background wp-block-heading\" id=\"buna-conduita-stiintifica\">Buna conduit\u0103 \u0219tiin\u021bific\u0103<\/h5>\n\n\n\n<p>\u00cenainte de propunerea spre publicare a unui articol, autorul trebuie s\u0103 se asigure c\u0103 materialul respect\u0103 prevederile <a href=\"https:\/\/legislatie.just.ro\/Public\/DetaliiDocument\/52457\" target=\"_blank\" rel=\"noreferrer noopener nofollow\">Legii nr. 206 din 27 mai 2004<\/a> privind buna conduit\u0103 \u00een cercetarea \u015ftiin\u0163ific\u0103, dezvoltarea tehnologic\u0103 \u015fi inovare, cu actualiz\u0103rile ulterioare.<\/p>\n\n\n\n<p>\u00cen caz de \u00eenc\u0103lcare a bunei conduite \u0219tiin\u021bifice, <strong>Studii de istorie a filosofiei rom\u00e2ne\u0219ti<\/strong> urmeaz\u0103 ghidurile COPE:<\/p>\n\n\n\n<ul class=\"wp-block-list\"><li><a href=\"https:\/\/publicationethics.org\/resources\/guidelines\/text-recycling-guidelines-editors\" target=\"_blank\" rel=\"noreferrer noopener nofollow\">\u00cendrum\u0103ri pentru editorii care se confrunt\u0103 cu texte reciclate<\/a>;<\/li><li><a href=\"https:\/\/publicationethics.org\/retraction-guidelines\" target=\"_blank\" rel=\"noreferrer noopener nofollow\">\u00cendrum\u0103ri pentru editori privind retragerea articolelor publicate<\/a>.<\/li><\/ul>\n\n\n\n<div style=\"height:20px\" aria-hidden=\"true\" class=\"wp-block-spacer\"><\/div>\n\n\n\n<h5 class=\"has-ast-global-color-4-background-color has-background wp-block-heading\" id=\"licenta-oa-by\">Licen\u021ba OA <em>by<\/em><\/h5>\n\n\n\n<div style=\"height:20px\" aria-hidden=\"true\" class=\"wp-block-spacer\"><\/div>\n\n\n\n<p><strong>Studii de istorie a filosofiei rom\u00e2ne\u0219ti<\/strong> este o publica\u021bie <em>open access<\/em> cu licen\u021b\u0103 <em>by<\/em>. Textele autorilor sunt vizibile online, pot fi citite, desc\u0103rcate \u00een mod gratuit \u0219i utilizate creativ \u00een conformitate cu legea, cu condi\u021bia credit\u0103rii autorului \u0219i a trimiterii cu link la pagina articolului. Prin trimiterea articolului spre publicare, autorul este implicit de acord cu ace\u0219ti termeni.<\/p>\n\n\n\n<div style=\"height:20px\" aria-hidden=\"true\" class=\"wp-block-spacer\"><\/div>\n\n\n\n<hr class=\"wp-block-separator has-text-color has-background has-ast-global-color-4-background-color has-ast-global-color-4-color is-style-wide\"\/>\n\n\n\n<a rel=\"license\" href=\"http:\/\/creativecommons.org\/licenses\/by\/4.0\/\"><img decoding=\"async\" alt=\"Creative Commons Licence\" style=\"border-width:0\" src=\"https:\/\/i.creativecommons.org\/l\/by\/4.0\/80x15.png\"><\/a><br><b>Studii de istorie a filosofiei rom\u00e2ne\u0219ti<\/b> is licensed under a <a rel=\"license\" href=\"http:\/\/creativecommons.org\/licenses\/by\/4.0\/\">Creative Commons Attribution 4.0 International License<\/a>.\n\n\n\n<div style=\"height:20px\" aria-hidden=\"true\" class=\"wp-block-spacer\"><\/div>\n\n\n\n<h5 class=\"has-ast-global-color-4-background-color has-background wp-block-heading\" id=\"dreptul-asupra-textului\">Dreptul asupra textului<\/h5>\n\n\n\n<p>Autorul \u00ee\u0219i p\u0103streaz\u0103 drepturile asupra textului publicat \u00een <strong>Studii de istorie a filosofiei rom\u00e2ne\u0219ti<\/strong>. Dup\u0103 publicare, autorul poate reutiliza forma final\u0103 acceptat\u0103 a propriului articol f\u0103r\u0103 s\u0103 cear\u0103 permisiunea \u00een acest scop, cu condi\u021bia men\u021bion\u0103rii faptului c\u0103 textul a fost publicat ini\u021bial \u00een <strong>Studii de istorie a filosofiei rom\u00e2ne\u0219ti<\/strong>. Con\u021binutul men\u021biunii va fi de forma: \u201eArticolul (P\u0103r\u021bi din acest articol) a fost publicat (au fost publicate) ini\u021bial \u00een <em>Studii de istorie a filosofiei rom\u00e2ne\u0219ti<\/em>, num\u0103rul volumului, titlul volumului \u2026, anul \u2026, pp. \u2026\/ link &#8230;\u201d. Prin propunerea textului \u00een vederea public\u0103rii, autorul este implicit de acord cu ace\u0219ti termeni.<\/p>\n\n\n\n<div style=\"height:20px\" aria-hidden=\"true\" class=\"wp-block-spacer\"><\/div>\n\n\n\n<h5 class=\"has-ast-global-color-4-background-color has-background wp-block-heading\" id=\"propunerea-materialelor\">Propunerea materialelor<\/h5>\n\n\n\n<p>Textul \u00een forma specificat\u0103 va fi expediat, p\u00e2n\u0103 la data-limit\u0103 men\u021bionat\u0103 \u00een <a href=\"https:\/\/filosofieromaneasca.institutuldefilosofie.ro\/sifr\/apel-la-contributii\/\">Apel la contribu\u021bii<\/a>, pe adresa: sifr@institutuldefilosofie.ro. Prin trimiterea materialului, autorul declar\u0103 implicit c\u0103 articolul propus \u00eendepline\u0219te condi\u021biile preliminare \u0219i respect\u0103 normele de bun\u0103 conduit\u0103 \u0219tiin\u021bific\u0103. Autorul declar\u0103, de asemenea, c\u0103 a luat act de <a href=\"https:\/\/filosofieromaneasca.institutuldefilosofie.ro\/sifr\/evaluarea-articolelor\/\">procedura noastr\u0103 de evaluare<\/a>, de <a href=\"#dreptul-asupra-textului\">modul \u00een care poate utiliza textul dup\u0103 publicare<\/a>, precum \u0219i de consecin\u021bele care deriv\u0103 din <a href=\"#licenta-oa-by\">licen\u021ba <em>open access<\/em><\/a> a publica\u021biei <strong>Studii de istorie a filosofiei rom\u00e2ne\u0219ti<\/strong>.<\/p>\n\n\n\n<div style=\"height:20px\" aria-hidden=\"true\" class=\"wp-block-spacer\"><\/div>\n\n\n\n<h5 class=\"has-ast-global-color-4-background-color has-background wp-block-heading\" id=\"confiden\u021bialitate\">Confiden\u021bialitate<\/h5>\n\n\n\n<p>Numele, afilierile \u0219i adresele personale ale autorilor, precum \u0219i orice alt tip de date personale sunt utilizate strict \u00een vederea activit\u0103\u021bii editoriale exercitate, ele nefiind folosite \u00een alt scop \u0219i nici puse la dispozi\u021bia unor ter\u021bi.<\/p>\n","protected":false},"excerpt":{"rendered":"<p>Informa\u021bii pentru autori Studii de istorie a filosofiei rom\u00e2ne\u0219ti nu percepe de la autori taxe sau comisioane pentru procesarea, evaluarea \u0219i publicarea materialelor. Condi\u021bii preliminare Studii de istorie a filosofiei rom\u00e2ne\u0219ti public\u0103 studii originale \u0219i inedite. \u00cen condi\u021biile \u00een care articolul con\u021bine pasaje, tabele sau alt tip de con\u021binut publicat anterior sub numele autorului, sursa [&hellip;]<\/p>\n","protected":false},"author":1,"featured_media":0,"parent":0,"menu_order":0,"comment_status":"closed","ping_status":"closed","template":"","meta":{"_uag_custom_page_level_css":"","site-sidebar-layout":"default","site-content-layout":"","ast-site-content-layout":"default","site-content-style":"default","site-sidebar-style":"default","ast-global-header-display":"","ast-banner-title-visibility":"","ast-main-header-display":"","ast-hfb-above-header-display":"","ast-hfb-below-header-display":"","ast-hfb-mobile-header-display":"","site-post-title":"disabled","ast-breadcrumbs-content":"","ast-featured-img":"","footer-sml-layout":"","theme-transparent-header-meta":"","adv-header-id-meta":"","stick-header-meta":"","header-above-stick-meta":"","header-main-stick-meta":"","header-below-stick-meta":"","astra-migrate-meta-layouts":"default","ast-page-background-enabled":"default","ast-page-background-meta":{"desktop":{"background-color":"var(--ast-global-color-4)","background-image":"","background-repeat":"repeat","background-position":"center center","background-size":"auto","background-attachment":"scroll","background-type":"","background-media":"","overlay-type":"","overlay-color":"","overlay-opacity":"","overlay-gradient":""},"tablet":{"background-color":"","background-image":"","background-repeat":"repeat","background-position":"center center","background-size":"auto","background-attachment":"scroll","background-type":"","background-media":"","overlay-type":"","overlay-color":"","overlay-opacity":"","overlay-gradient":""},"mobile":{"background-color":"","background-image":"","background-repeat":"repeat","background-position":"center center","background-size":"auto","background-attachment":"scroll","background-type":"","background-media":"","overlay-type":"","overlay-color":"","overlay-opacity":"","overlay-gradient":""}},"ast-content-background-meta":{"desktop":{"background-color":"var(--ast-global-color-5)","background-image":"","background-repeat":"repeat","background-position":"center center","background-size":"auto","background-attachment":"scroll","background-type":"","background-media":"","overlay-type":"","overlay-color":"","overlay-opacity":"","overlay-gradient":""},"tablet":{"background-color":"var(--ast-global-color-5)","background-image":"","background-repeat":"repeat","background-position":"center center","background-size":"auto","background-attachment":"scroll","background-type":"","background-media":"","overlay-type":"","overlay-color":"","overlay-opacity":"","overlay-gradient":""},"mobile":{"background-color":"var(--ast-global-color-5)","background-image":"","background-repeat":"repeat","background-position":"center center","background-size":"auto","background-attachment":"scroll","background-type":"","background-media":"","overlay-type":"","overlay-color":"","overlay-opacity":"","overlay-gradient":""}},"footnotes":""},"categories":[286],"tags":[],"class_list":["post-3569","page","type-page","status-publish","hentry","category-politici-editoriale"],"featured_image_src":null,"uagb_featured_image_src":{"full":false,"thumbnail":false,"medium":false,"medium_large":false,"large":false,"1536x1536":false,"2048x2048":false},"uagb_author_info":{"display_name":"SIFR","author_link":"https:\/\/filosofieromaneasca.institutuldefilosofie.ro\/sifr\/author\/mm\/"},"uagb_comment_info":0,"uagb_excerpt":"Informa\u021bii pentru autori Studii de istorie a filosofiei rom\u00e2ne\u0219ti nu percepe de la autori taxe sau comisioane pentru procesarea, evaluarea \u0219i publicarea materialelor. Condi\u021bii preliminare Studii de istorie a filosofiei rom\u00e2ne\u0219ti public\u0103 studii originale \u0219i inedite. \u00cen condi\u021biile \u00een care articolul con\u021bine pasaje, tabele sau alt tip de con\u021binut publicat anterior sub numele autorului, sursa&hellip;","_links":{"self":[{"href":"https:\/\/filosofieromaneasca.institutuldefilosofie.ro\/sifr\/wp-json\/wp\/v2\/pages\/3569","targetHints":{"allow":["GET"]}}],"collection":[{"href":"https:\/\/filosofieromaneasca.institutuldefilosofie.ro\/sifr\/wp-json\/wp\/v2\/pages"}],"about":[{"href":"https:\/\/filosofieromaneasca.institutuldefilosofie.ro\/sifr\/wp-json\/wp\/v2\/types\/page"}],"author":[{"embeddable":true,"href":"https:\/\/filosofieromaneasca.institutuldefilosofie.ro\/sifr\/wp-json\/wp\/v2\/users\/1"}],"replies":[{"embeddable":true,"href":"https:\/\/filosofieromaneasca.institutuldefilosofie.ro\/sifr\/wp-json\/wp\/v2\/comments?post=3569"}],"version-history":[{"count":156,"href":"https:\/\/filosofieromaneasca.institutuldefilosofie.ro\/sifr\/wp-json\/wp\/v2\/pages\/3569\/revisions"}],"predecessor-version":[{"id":6178,"href":"https:\/\/filosofieromaneasca.institutuldefilosofie.ro\/sifr\/wp-json\/wp\/v2\/pages\/3569\/revisions\/6178"}],"wp:attachment":[{"href":"https:\/\/filosofieromaneasca.institutuldefilosofie.ro\/sifr\/wp-json\/wp\/v2\/media?parent=3569"}],"wp:term":[{"taxonomy":"category","embeddable":true,"href":"https:\/\/filosofieromaneasca.institutuldefilosofie.ro\/sifr\/wp-json\/wp\/v2\/categories?post=3569"},{"taxonomy":"post_tag","embeddable":true,"href":"https:\/\/filosofieromaneasca.institutuldefilosofie.ro\/sifr\/wp-json\/wp\/v2\/tags?post=3569"}],"curies":[{"name":"wp","href":"https:\/\/api.w.org\/{rel}","templated":true}]}}