{"id":7648,"date":"2023-05-21T23:15:05","date_gmt":"2023-05-21T21:15:05","guid":{"rendered":"http:\/\/filosofieromaneasca.institutuldefilosofie.ro\/sifr\/?page_id=7648"},"modified":"2023-05-28T15:31:46","modified_gmt":"2023-05-28T13:31:46","slug":"politica-sifr","status":"publish","type":"page","link":"https:\/\/filosofieromaneasca.institutuldefilosofie.ro\/sifr\/politica-sifr\/","title":{"rendered":"Politica SIFR"},"content":{"rendered":"\n<h2 class=\"wp-block-heading\">Politica SIFR<\/h2>\n\n\n\n<p>Pagin\u0103 actualizat\u0103 la: 21\/05\/2023<\/p>\n\n\n\n<p>Textul de fa\u021b\u0103 stabile\u0219te condi\u021biile prin care materialele postate pe acest site pot fi accesate, desc\u0103rcate \u0219i utilizate. Site-ul aceasta este proprietatea Institutului de Filosofie \u0219i Psihologie \u201eConstantin R\u0103dulescu-Motru\u201d al Academiei Rom\u00e2ne (IFPAR) \u0219i este destinat publica\u021biei academice seriale <strong>Studii de istorie a filosofiei rom\u00e2ne\u0219ti <\/strong>(SIFR). <\/p>\n\n\n\n<div style=\"height:20px\" aria-hidden=\"true\" class=\"wp-block-spacer\"><\/div>\n\n\n\n<h4 class=\"wp-block-heading\">\u00cenregistrarea<\/h4>\n\n\n\n<p>Niciun vizitator nu trebuie s\u0103 creeze un cont pentru a accesa, desc\u0103rca sau propune con\u021binut pentru SIFR.<\/p>\n\n\n\n<div style=\"height:20px\" aria-hidden=\"true\" class=\"wp-block-spacer\"><\/div>\n\n\n\n<h4 class=\"wp-block-heading\">Open access \u0219i copyright<\/h4>\n\n\n\n<p>Versiunea online a SIFR de\u021bine licen\u021ba <a rel=\"noreferrer noopener\" href=\"https:\/\/creativecommons.org\/licenses\/by\/4.0\/\" target=\"_blank\">Creative Commons Open Access license CC-BY.<\/a> Utilizatorilor le este permis s\u0103 citeasc\u0103, descarce, partajeze \u0219i utilizeze con\u021binutul acestui site \u00een acord cu legisla\u021bia \u00een vigoare, cu condi\u021bia credit\u0103rii autorului \u0219i a trimiterii prin link la pagina din care a fost extras con\u021binutul. <\/p>\n\n\n\n<p>Versiunea tip\u0103rit\u0103 a SIFR este proprietatea <a rel=\"noreferrer noopener\" href=\"http:\/\/www.ear.ro\/\" target=\"_blank\">Editurii Academiei Rom\u00e2ne<\/a> \u0219i este protejat\u0103 de copyright.<\/p>\n\n\n\n<div style=\"height:20px\" aria-hidden=\"true\" class=\"wp-block-spacer\"><\/div>\n\n\n\n<h4 class=\"wp-block-heading\">Confiden\u021bialitate<\/h4>\n\n\n\n<p><strong>Vizitatori<\/strong>. Acest site nu urm\u0103re\u0219te IP-ul vizitatorilor, loca\u021bia acestora sau alte date sensibile.<\/p>\n\n\n\n<p><strong>Contributori.<\/strong> Datele sensibile puse la dispozi\u021bie de c\u0103tre autori, precum adresele personale sau curricula vitae, sunt utilizate \u00een mod exclusiv \u00een scopuri editoriale \u0219i nu sunt puse la dispozi\u021bia unor ter\u021bi.<\/p>\n\n\n\n<div style=\"height:20px\" aria-hidden=\"true\" class=\"wp-block-spacer\"><\/div>\n\n\n\n<h4 class=\"wp-block-heading\">Cookies<\/h4>\n\n\n\n<p>Acest site utilizeaz\u0103 cookies necesare pentru func\u021bionare. Vizitatorii le pot accepta\/respinge \u00een bloc sau le pot personaliza \u00een func\u021bie de preferin\u021bele lor.<\/p>\n\n\n\n<div style=\"height:20px\" aria-hidden=\"true\" class=\"wp-block-spacer\"><\/div>\n\n\n\n<h4 class=\"wp-block-heading\">Declinarea r\u0103spunderii<\/h4>\n\n\n\n<p><strong>Linkurile <\/strong>c\u0103tre alte site-uri au singurul scop de a informa cititorul. SIFR nu r\u0103spunde pentru niciunul dintre materialele postate pe site-urile la care trimite prin link \u0219i nici pentru eventualele pagube produse prin accesarea acestor pagini. <\/p>\n\n\n\n<p><strong>Informa\u021biile <\/strong>postate pe acest site pot fi dep\u0103\u0219ite sau inexacte; ne rezerv\u0103m dreptul de a le actualiza sau modifica la termene stabilite de noi, f\u0103r\u0103 a informa vizitatorii. Nu r\u0103spundem legal pentru niciuna dintre posibilele consecin\u021be ale acces\u0103rii\/utiliz\u0103rii informa\u021biei postate pe acest site.<\/p>\n\n\n\n<p id=\"tw-target-text\">SIFR se supune legisla\u021biei rom\u00e2ne\u0219ti \u0219i interna\u021bionale care reglementeaz\u0103 <strong>etica cercet\u0103rii \u0219tiin\u021bifice<\/strong>. Dac\u0103 exist\u0103 suspiciuni cu privire la \u00eenc\u0103lcarea normelor de bun\u0103 practic\u0103 \u0219tiin\u021bific\u0103 \u00een ceea ce prive\u0219te con\u021binutul acestui site, v\u0103 rug\u0103m s\u0103 ne contacta\u021bi la adresa: sifr@institutuldefilosofie.ro. <\/p>\n\n\n\n<div style=\"height:20px\" aria-hidden=\"true\" class=\"wp-block-spacer\"><\/div>\n","protected":false},"excerpt":{"rendered":"<p>Politica SIFR Pagin\u0103 actualizat\u0103 la: 21\/05\/2023 Textul de fa\u021b\u0103 stabile\u0219te condi\u021biile prin care materialele postate pe acest site pot fi accesate, desc\u0103rcate \u0219i utilizate. Site-ul aceasta este proprietatea Institutului de Filosofie \u0219i Psihologie \u201eConstantin R\u0103dulescu-Motru\u201d al Academiei Rom\u00e2ne (IFPAR) \u0219i este destinat publica\u021biei academice seriale Studii de istorie a filosofiei rom\u00e2ne\u0219ti (SIFR). \u00cenregistrarea Niciun vizitator [&hellip;]<\/p>\n","protected":false},"author":1,"featured_media":0,"parent":0,"menu_order":0,"comment_status":"closed","ping_status":"closed","template":"","meta":{"_uag_custom_page_level_css":"","site-sidebar-layout":"default","site-content-layout":"","ast-site-content-layout":"default","site-content-style":"default","site-sidebar-style":"default","ast-global-header-display":"","ast-banner-title-visibility":"","ast-main-header-display":"","ast-hfb-above-header-display":"","ast-hfb-below-header-display":"","ast-hfb-mobile-header-display":"","site-post-title":"disabled","ast-breadcrumbs-content":"","ast-featured-img":"","footer-sml-layout":"","theme-transparent-header-meta":"","adv-header-id-meta":"","stick-header-meta":"","header-above-stick-meta":"","header-main-stick-meta":"","header-below-stick-meta":"","astra-migrate-meta-layouts":"default","ast-page-background-enabled":"default","ast-page-background-meta":{"desktop":{"background-color":"var(--ast-global-color-4)","background-image":"","background-repeat":"repeat","background-position":"center center","background-size":"auto","background-attachment":"scroll","background-type":"","background-media":"","overlay-type":"","overlay-color":"","overlay-opacity":"","overlay-gradient":""},"tablet":{"background-color":"","background-image":"","background-repeat":"repeat","background-position":"center center","background-size":"auto","background-attachment":"scroll","background-type":"","background-media":"","overlay-type":"","overlay-color":"","overlay-opacity":"","overlay-gradient":""},"mobile":{"background-color":"","background-image":"","background-repeat":"repeat","background-position":"center center","background-size":"auto","background-attachment":"scroll","background-type":"","background-media":"","overlay-type":"","overlay-color":"","overlay-opacity":"","overlay-gradient":""}},"ast-content-background-meta":{"desktop":{"background-color":"var(--ast-global-color-5)","background-image":"","background-repeat":"repeat","background-position":"center center","background-size":"auto","background-attachment":"scroll","background-type":"","background-media":"","overlay-type":"","overlay-color":"","overlay-opacity":"","overlay-gradient":""},"tablet":{"background-color":"var(--ast-global-color-5)","background-image":"","background-repeat":"repeat","background-position":"center center","background-size":"auto","background-attachment":"scroll","background-type":"","background-media":"","overlay-type":"","overlay-color":"","overlay-opacity":"","overlay-gradient":""},"mobile":{"background-color":"var(--ast-global-color-5)","background-image":"","background-repeat":"repeat","background-position":"center center","background-size":"auto","background-attachment":"scroll","background-type":"","background-media":"","overlay-type":"","overlay-color":"","overlay-opacity":"","overlay-gradient":""}},"footnotes":""},"categories":[],"tags":[],"class_list":["post-7648","page","type-page","status-publish","hentry"],"featured_image_src":null,"uagb_featured_image_src":{"full":false,"thumbnail":false,"medium":false,"medium_large":false,"large":false,"1536x1536":false,"2048x2048":false},"uagb_author_info":{"display_name":"SIFR","author_link":"https:\/\/filosofieromaneasca.institutuldefilosofie.ro\/sifr\/author\/mm\/"},"uagb_comment_info":0,"uagb_excerpt":"Politica SIFR Pagin\u0103 actualizat\u0103 la: 21\/05\/2023 Textul de fa\u021b\u0103 stabile\u0219te condi\u021biile prin care materialele postate pe acest site pot fi accesate, desc\u0103rcate \u0219i utilizate. Site-ul aceasta este proprietatea Institutului de Filosofie \u0219i Psihologie \u201eConstantin R\u0103dulescu-Motru\u201d al Academiei Rom\u00e2ne (IFPAR) \u0219i este destinat publica\u021biei academice seriale Studii de istorie a filosofiei rom\u00e2ne\u0219ti (SIFR). \u00cenregistrarea Niciun vizitator&hellip;","_links":{"self":[{"href":"https:\/\/filosofieromaneasca.institutuldefilosofie.ro\/sifr\/wp-json\/wp\/v2\/pages\/7648","targetHints":{"allow":["GET"]}}],"collection":[{"href":"https:\/\/filosofieromaneasca.institutuldefilosofie.ro\/sifr\/wp-json\/wp\/v2\/pages"}],"about":[{"href":"https:\/\/filosofieromaneasca.institutuldefilosofie.ro\/sifr\/wp-json\/wp\/v2\/types\/page"}],"author":[{"embeddable":true,"href":"https:\/\/filosofieromaneasca.institutuldefilosofie.ro\/sifr\/wp-json\/wp\/v2\/users\/1"}],"replies":[{"embeddable":true,"href":"https:\/\/filosofieromaneasca.institutuldefilosofie.ro\/sifr\/wp-json\/wp\/v2\/comments?post=7648"}],"version-history":[{"count":9,"href":"https:\/\/filosofieromaneasca.institutuldefilosofie.ro\/sifr\/wp-json\/wp\/v2\/pages\/7648\/revisions"}],"predecessor-version":[{"id":7680,"href":"https:\/\/filosofieromaneasca.institutuldefilosofie.ro\/sifr\/wp-json\/wp\/v2\/pages\/7648\/revisions\/7680"}],"wp:attachment":[{"href":"https:\/\/filosofieromaneasca.institutuldefilosofie.ro\/sifr\/wp-json\/wp\/v2\/media?parent=7648"}],"wp:term":[{"taxonomy":"category","embeddable":true,"href":"https:\/\/filosofieromaneasca.institutuldefilosofie.ro\/sifr\/wp-json\/wp\/v2\/categories?post=7648"},{"taxonomy":"post_tag","embeddable":true,"href":"https:\/\/filosofieromaneasca.institutuldefilosofie.ro\/sifr\/wp-json\/wp\/v2\/tags?post=7648"}],"curies":[{"name":"wp","href":"https:\/\/api.w.org\/{rel}","templated":true}]}}